j be f(o). Let t = 17 + j. Calculate the greatest common divisor of t and 28.
7
Suppose 21*k - 5 = 20*k. Suppose k*g + 2*q - 232 = 0, 0 = -7*g + 2*g + 3*q + 252. What is the highest common factor of g and 12?
12
Let i be -56 + 64 + (2240 - -2). Calculate the highest common divisor of 9 and i.
9
Let m be (12/9)/(-2) + (-28528)/(-24). Calculate the greatest common factor of m and 954.
18
Suppose 14*y - 54 = 254. Suppose 3*i - 2*w = 59, 2*w - 131 = -5*i - y. Calculate the highest common divisor of i and 84.
21
Let c be 19/(380/(-510))*(-1 + -1). Suppose -2*t - 3*i + c = t, 4*i = 5*t - 121. Calculate the greatest common factor of 14 and t.
7
Let w(d) = -154*d - 1183. Let v be w(-65). What is the highest common factor of v and 91?
91
Let g = 6965 - 6968. Let h(p) = -7*p + 4. Let d be h(4). Let j be (-294)/d - g/(-12). What is the highest common divisor of 48 and j?
12
Let j(d) = d**2 + 30*d - 171. Let g be j(-36). What is the highest common factor of 315 and g?
45
Let b(l) = -l**2 + 254*l - 2433. Let h be b(10). Let v(p) = p**3 + 329. Let i be v(0). What is the greatest common factor of h and i?
7
Suppose 146*d - 74*d = 65*d + 175. What is the highest common factor of 195 and d?
5
Let v = -49 - -181. Suppose -a + v = -2*n, 4*a - 484 = -5*n + 96. Suppose 0*g - a = -4*g. What is the highest common divisor of 5 and g?
5
Let n(r) = 206*r + 242. Let c be n(-1). Calculate the highest common divisor of 8397 and c.
9
Let f = -123 - 105. Let d = -176 - f. What is the greatest common factor of d and 78?
26
Let z be 1 - (-4)/((-20)/(-475)). Suppose -5*n + z = 51. Let m be (n/6)/(6/88). Calculate the highest common divisor of m and 33.
11
Suppose -12*g + 20 = -10*g. Let k = 2 + 78. Calculate the highest common divisor of k and g.
10
Let g = 146 + -150. Let k be 9/(-6) + (-58)/g. What is the highest common divisor of k and 65?
13
Suppose 4*y - 4*k - 27 = -7, -2*y + 3*k + 10 = 0. Let d be 1/4 - 1752/(-32). Calculate the highest common divisor of y and d.
5
Let t be 1/(-1)*0 - (-1728)/36. Suppose -3*d = -4*d + 6. Calculate the greatest common divisor of t and d.
6
Suppose 0 = 4*q - 10 + 2. Suppose -4*d = -q*w + 78, -3*w - d + 110 = 14. What is the highest common factor of w and 22?
11
Let t(c) = -c**2 + 2*c - 2. Let b(h) = -31*h**2 + 13*h - 50. Let o(a) = -b(a) - 3*t(a). Let g be o(3). Calculate the greatest common divisor of g and 15.
5
Let x be 77 + (-6 - -9) - (-1 - 3). Suppose 9*h - 2*h - x = 0. Calculate the greatest common factor of 324 and h.
12
Let t be (14 - 12)/((-10)/(-695)). Let r be t - (4/(-5))/((-21)/105). What is the highest common divisor of r and 45?
45
Let y be 8/(-6)*(-5 + -16). Let x = -3871 + 3983. What is the greatest common factor of y and x?
28
Suppose -3*y + 945 = 2*y. Let m be (-20)/70 + 2678/14. Let k = m + -164. What is the highest common factor of y and k?
27
Let a be (-1)/((-32)/62 + 2/4). Let d be (-1)/(2/(-1) + 14856/7440). Calculate the highest common factor of d and a.
62
Suppose -14*a + 12*a = -108. What is the greatest common divisor of 1566 and a?
54
Let r be (1568/168)/(3/450). What is the highest common divisor of r and 16?
8
Suppose 48*d - 7942 = -3*x + 43*d, 0 = -4*d + 8. What is the greatest common divisor of x and 4?
4
Let m be (-18)/33 + (-20596)/(-209). Calculate the highest common divisor of m and 133.
7
Suppose -196*q + 195*q - 8579 = -6*t, 3*t + 2*q - 4307 = 0. Calculate the greatest common factor of 108 and t.
27
Let d be ((-4)/7)/(4/(-28)). Let f be 1*20 + (3 - (d + 0)). Suppose 5*j = -4*o + 190, -6*o = -4*o. What is the highest common divisor of f and j?
19
Let m(c) = -2*c**3 + 96*c**2 - 254*c - 44. Let l be m(45). What is the greatest common divisor of 572 and l?
52
Let b = 33327 + -19650. Calculate the highest common divisor of b and 141.
141
Let g(i) = 7*i**2 - 45*i + 8. Let c be 15*1/3 - (-2 + 0). Let p be g(c). Calculate the greatest common divisor of p and 72.
36
Let k be 6/(-4)*4/6*-2. Suppose 91 + 139 = k*z. Let i be ((-3)/1 - -4)*z. What is the greatest common divisor of i and 46?
23
Let s(l) = -14*l**2 - 1054*l. Let b be s(-2). What is the greatest common divisor of b and 864?
108
Let g be -1 + 756 - (-283 - -273). Calculate the highest common divisor of 18 and g.
9
Let a(u) = -u**2 - 23*u + 4166. Let k be a(46). What is the highest common divisor of 1550 and k?
62
Suppose 0*l + l - 13 = 3*i, -4*l - 20 = 0. Let d be 1*2/(-3)*i. Let x(g) = g**3 - 3*g**2 + 6*g. Let c be x(d). What is the greatest common divisor of c and 8?
8
Suppose 8*x - 6 + 5 = 31. Let l be ((-8)/3)/(6/(-153)). Calculate the greatest common divisor of x and l.
4
Let r = -269 + 290. Suppose 4*n - 51 = 5*x, -6*n + 2*n + r = 5*x. Calculate the highest common factor of n and 243.
9
Suppose -18*x - 4*x + 3322 = 0. Calculate the greatest common factor of x and 604.
151
Suppose -3253 = 12*f - 3529. Calculate the greatest common divisor of f and 161.
23
Let a be (6/2)/1*(-35 + -2). Let q = a - -378. What is the greatest common divisor of 3 and q?
3
Let k be 1/(((-9)/(-81))/((-6)/(-2))). Suppose -21*g + k*g = 24. Calculate the highest common factor of 16 and g.
4
Let b(j) be the second derivative of 5*j**3/3 + 339*j**2/2 + j - 291. Let u be b(-32). What is the greatest common divisor of u and 608?
19
Let t = 17689 + -17164. Let z = 46 + -43. Calculate the highest common factor of t and z.
3
Let g = -431 - -512. Suppose -9*a + 13*a = 16. Suppose 3 = a*z - 33. What is the highest common divisor of z and g?
9
Let n = 23 + 1. Let u(g) = g - 6. Suppose -3*o + 60 = -o - 3*l, 3*l - 60 = -3*o. Let s be u(o). Calculate the highest common divisor of s and n.
6
Let k = 1824 - 1061. Let j = k + -736. What is the greatest common factor of 459 and j?
27
Suppose -430*z = 2*i - 429*z - 32, i - 4 = z. Calculate the highest common divisor of 5316 and i.
12
Let x(m) = 96*m**2 + 153*m - 1028. Let p be x(7). Calculate the highest common factor of 47 and p.
47
Suppose 12*x - 5 = 55. Suppose 4*a - 2*n - 7 - 167 = 0, -5*a - x*n = -240. Calculate the greatest common divisor of 18 and a.
9
Let m(c) = 78*c**2 + 273*c + 542. Let v be m(-2). What is the highest common divisor of v and 264?
44
Let k = -701 + 755. Calculate the highest common factor of k and 27.
27
Let q be (-763)/(-17) + ((-1216)/3536 - 48/(-104)). Suppose -d = 2*d - 6. Suppose 58 + 14 = d*t. Calculate the greatest common divisor of t and q.
9
Let r(n) = -953*n + 13497. Let x be r(13). Calculate the highest common divisor of 1 and x.
1
Let j = 22316 - 21614. Calculate the greatest common factor of j and 26.
26
Let b = -6808 + 8164. Calculate the highest common factor of 48 and b.
12
Suppose 44011 = 81*x - 87533. What is the highest common factor of 16 and x?
8
Suppose -94*c + 235 = -1645. What is the highest common divisor of 8620 and c?
20
Suppose -3726 = 11*c - 74. Suppose -3*s - 685 + 13 = 0. Let v = s - c. What is the highest common divisor of 36 and v?
36
Suppose 36 = -69*f + 71*f. Suppose -5*v = -5*b + 3125, -2*b + 28*v + 1240 = 24*v. What is the greatest common divisor of f and b?
18
Let k be ((-90)/(-42) + 1)*7. Let t be 11/(k/28) - 3. What is the greatest common factor of t and 1?
1
Let k = 7402 - 7259. Let h be (-2)/2*1*-38. Let y = k - h. What is the highest common divisor of y and 42?
21
Let o = 10 + -9. Let b be o/(-3 + (-66)/(-21)). Let q be (88/12)/(-5*(-2)/105). Calculate the greatest common factor of q and b.
7
Let f be (2/(-4))/((-1)/14) + 3. Suppose 0*m + 4 = 2*m. Suppose 4*t = -w + 323, 3*w + 37 = -m*t + 206. Calculate the highest common factor of t and f.
10
Let b(a) = -156*a**2 - 2*a + 2. Let j(t) = 466*t**2 + 6*t - 6. Let i(l) = -20*b(l) - 6*j(l). Let p be i(1). Calculate the greatest common divisor of p and 4.
4
Let w(u) be the second derivative of 2*u**3/3 + 51*u**2/2 + u - 11. Let v be w(-8). Calculate the greatest common divisor of v and 38.
19
Suppose -4*d + 103 = 3*j, -5*d + j = -10 - 114. Let k be (112/20)/(-2)*d/(-10). Calculate the highest common divisor of k and 245.
7
Let g(b) = b**2 + 3*b + 4. Let s be g(-1). Let t be (-10)/s*(4 - 16). Suppose -h = -6*h + t. What is the highest common factor of 18 and h?
6
Let j = -6516 - -8146. What is the greatest common factor of 10 and j?
10
Let g be (-67 + (2 - -6))/((-3)/39). Suppose 417 + g = 8*l. Calculate the highest common d